it of 1581558?
1
What is the hundred thousands digit of 323069?
3
What is the thousands digit of 5255168?
5
What is the units digit of 409533?
3
What is the units digit of 8725453?
3
What is the hundreds digit of 12606329?
3
What is the hundred thousands digit of 1013943?
0
What is the ten thousands digit of 1724073?
2
What is the ten thousands digit of 1108190?
0
What is the thousands digit of 679698?
9
What is the tens digit of 73716?
1
What is the thousands digit of 392844?
2
What is the millions digit of 4091520?
4
What is the millions digit of 2900082?
2
What is the thousands digit of 157176?
7
What is the hundreds digit of 341478?
4
What is the tens digit of 155560?
6
What is the units digit of 212675?
5
What is the ten thousands digit of 668835?
6
What is the units digit of 190902?
2
What is the tens digit of 3264188?
8
What is the units digit of 2327216?
6
What is the hundreds digit of 2393358?
3
What is the ten thousands digit of 500141?
0
What is the hundred thousands digit of 13309569?
3
What is the tens digit of 1354648?
4
What is the hundred thousands digit of 9460059?
4
What is the hundred thousands digit of 477262?
4
What is the hundreds digit of 30049?
0
What is the thousands digit of 258997?
8
What is the tens digit of 1911193?
9
What is the millions digit of 1847377?
1
What is the thousands digit of 415273?
5
What is the millions digit of 4878861?
4
What is the tens digit of 1985380?
8
What is the thousands digit of 2190297?
0
What is the units digit of 348411?
1
What is the hundreds digit of 31712?
7
What is the thousands digit of 1386678?
6
What is the hundreds digit of 24487175?
1
What is the tens digit of 1503065?
6
What is the hundred thousands digit of 125942?
1
What is the hundreds digit of 1339127?
1
What is the ten thousands digit of 113191?
1
What is the hundred thousands digit of 6422666?
4
What is the units digit of 424651?
1
What is the thousands digit of 132602?
2
What is the hundreds digit of 9604448?
4
What is the units digit of 1013437?
7
What is the ten thousands digit of 5009721?
0
What is the thousands digit of 372649?
2
What is the units digit of 26064?
4
What is the hundreds digit of 7816228?
2
What is the hundreds digit of 242690?
6
What is the hundreds digit of 17907142?
1
What is the thousands digit of 489241?
9
What is the ten thousands digit of 935063?
3
What is the ten thousands digit of 1731464?
3
What is the ten thousands digit of 949776?
4
What is the thousands digit of 753177?
3
What is the hundreds digit of 395944?
9
What is the thousands digit of 1280771?
0
What is the hundred thousands digit of 11071691?
0
What is the thousands digit of 64310?
4
What is the hundred thousands digit of 475592?
4
What is the hundred thousands digit of 532935?
5
What is the ten thousands digit of 455272?
5
What is the units digit of 5236552?
2
What is the units digit of 3869015?
5
What is the thousands digit of 2261321?
1
What is the thousands digit of 1123946?
3
What is the hundreds digit of 6181881?
8
What is the ten thousands digit of 315871?
1
What is the tens digit of 204972?
7
What is the units digit of 220058?
8
What is the thousands digit of 36956?
6
What is the hundred thousands digit of 4258924?
2
What is the thousands digit of 104257?
4
What is the millions digit of 2416636?
2
What is the hundred thousands digit of 5476787?
4
What is the hundreds digit of 9373183?
1
What is the units digit of 643324?
4
What is the units digit of 35901698?
8
What is the tens digit of 732058?
5
What is the ten thousands digit of 352509?
5
What is the units digit of 21522513?
3
What is the ten thousands digit of 1005699?
0
What is the tens digit of 63099?
9
What is the thousands digit of 3539682?
9
What is the ten thousands digit of 1033631?
3
What is the hundred thousands digit of 1120575?
1
What is the thousands digit of 6808932?
8
What is the units digit of 953050?
0
What is the tens digit of 11779479?
7
What is the ten millions digit of 19536081?
1
What is the units digit of 354550?
0
What is the ten thousands digit of 1289946?
8
What is the hundreds digit of 449745?
7
What is the hundred thousands digit of 14718942?
7
What is the thousands digit of 342756?
2
What is the tens digit of 582192?
9
What is the hundreds digit of 4362858?
8
What is the millions digit of 1893198?
1
What is the hundreds digit of 64695?
6
What is the tens digit of 253879?
7
What is the thousands digit of 7092652?
2
What is the hundred thousands digit of 1593734?
5
What is the tens digit of 28584154?
5
What is the hundreds digit of 1574035?
0
What is the millions digit of 1814178?
1
What is the millions digit of 29193844?
9
What is the hundreds digit of 257341?
3
What is the hundreds digit of 805752?
7
What is the millions digit of 3348192?
3
What is the hundred thousands digit of 8783231?
7
What is the units digit of 16528279?
9
What is the thousands digit of 486578?
6
What is the units digit of 42445?
5
What is the thousands digit of 6022207?
2
What is the hundreds digit of 124719?
7
What is the millions digit of 10802606?
0
What is the ten thousands digit of 1465912?
6
What is the tens digit of 12302548?
4
What is the hundreds digit of 582585?
5
What is the hundred thousands digit of 758366?
7
What is the hundreds digit of 318739?
7
What is the units digit of 489305?
5
What is the hundreds digit of 487038?
0
What is the millions digit of 2235736?
2
What is the millions digit of 1557761?
1
What is the ten thousands digit of 25785?
2
What is the units digit of 4745001?
1
What is the hundred thousands digit of 2825197?
8
What is the hundreds digit of 445974?
9
What is the tens digit of 18686480?
8
What is the tens digit of 1835827?
2
What is the ten thousands digit of 63282?
6
What is the thousands digit of 29809129?
9
What is the tens digit of 980480?
8
What is the units digit of 1171688?
8
What is the hundred thousands digit of 6095962?
0
What is the units digit of 165992?
2
What is the hundred thousands digit of 7388813?
3
What is the hundreds digit of 145439?
4
What is the tens digit of 188635?
3
What is the thousands digit of 32101?
2
What is the hundred thousands digit of 17013481?
0
What is the millions digit of 1561419?
1
What is the tens digit of 11424758?
5
What is the hundred thousands digit of 294497?
2
What is the hundreds digit of 317837?
8
What is the units digit of 470173?
3
What is the hundreds digit of 211700?
7
What is the ten thousands digit of 354814?
5
What is the tens digit of 6461154?
5
What is the ten millions digit of 16676240?
1
What is the units digit of 145308?
8
What is the tens digit of 294573?
7
What is the ten thousands digit of 11192?
1
What is the hundred thousands digit of 11680522?
6
What is the hundreds digit of 49459?
4
What is the hundreds digit of 982965?
9
What is the millions digit of 1207448?
1
What is the thousands digit of 85141?
5
What is the thousands digit of 1554882?
4
What is the units digit of 261677?
7
What is the millions digit of 11256793?
1
What is the units digit of 703606?
6
What is the millions digit of 7351322?
7
What is the thousands digit of 1176665?
6
What is the millions digit of 2490233?
2
What is the ten thousands digit of 2464317?
6
What is the ten thousands digit of 832173?
3
What is the thousands digit of 211093?
1
What is the units digit of 40494585?
5
What is the tens digit of 377667?
6
What is the units digit of 367?
7
What is the thousands digit of 5209231?
9
What is the hundreds digit of 2740026?
0
What is the ten thousands digit of 146820?
4
What is the ten thousands digit of 4646536?
4
What is the millions digit of 1894213?
1
What is the ten thousands digit of 972748?
7
What is the tens digit of 446089?
8
What is the ten thousands digit of 139356?
3
What is the millions digit of 2992025?
2
What is the ten thousands digit of 355236?
5
What is the units digit of 137658?
8
What is the millions digit of 3363389?
3
What is the ten thousands digit of 1442089?
4
What is the thousands digit of 160324?
0
What is the units digit of 445049?
9
What is the ten thousands digit of 3410059?
1
What is the ten thousands digit of 187289?
8
What is the tens digit of 1227538?
3
What is the hundreds digit of 97082?
0
What is the units digit of 2939083?
3
What is the thousands digit of 